(48/15)/(6/315)?
2, 3, 7
Let j(q) be the second derivative of -q**3/6 - 5*q**2/2 + q. Let w be j(6). Let v = -1 - w. List the prime factors of v.
2, 5
Let j = 3 - 8. Let f = j - -11. What are the prime factors of f?
2, 3
Let g = -129 + 244. List the prime factors of g.
5, 23
Let c(h) = 3*h**2 + 4*h - 2. Let w(l) = 4*l + 2*l**2 - 3 + 5*l**2 + 5*l. Let q(s) = 5*c(s) - 2*w(s). List the prime factors of q(-5).
11
Let v be (3/(-4))/1*-4. Suppose v*a - 44 = -a. List the prime factors of a.
11
Let n(b) be the second derivative of 0 + 3*b + 3/2*b**2 + 1/3*b**3. List the prime factors of n(5).
13
Let h be (-582)/(-21) - (-2)/7. Suppose 38 = 2*c - h. List the prime factors of c.
3, 11
Let i(d) = -6*d - 4. Let c be i(-5). Suppose -7 = y - c. List the prime factors of y.
19
Let a(o) = -o**2 - 5*o + 8. Let v be a(-6). Let h be (1*20/2)/v. Suppose h*d - 36 = d. List the prime factors of d.
3
Let g be ((-10)/3)/((-1)/(-3)). Let n be ((-42)/(-35))/((-2)/g). Let q(h) = -h**2 + 7*h + 4. What are the prime factors of q(n)?
2, 5
Let p(f) = -f**3 + 8*f**2 + f - 9. Let c be p(8). Let s be -2 - c*(6 - -3). Suppose -5*g + 3 = -s. What are the prime factors of g?
2
Suppose -94 = -3*n + 11. Let r = 49 - n. What are the prime factors of r?
2, 7
Suppose -3*l + 5 + 1 = 0. List the prime factors of 31 + 2/(-2) + l.
2
Let x(d) be the first derivative of -3*d**3 - 2 + 9*d + 1/4*d**4 + 9/2*d**2. What are the prime factors of x(8)?
17
Let a(l) = 15*l**3 + l + 1. Let t be a(-1). Let x = -4 - t. What are the prime factors of x?
11
Suppose -2*s = -5*s + 726. List the prime factors of s.
2, 11
Suppose -54 = -0*l - 3*l. Suppose -3*p - 6 = 0, l - 6 = j - 5*p. Suppose w - j*w - 70 = -5*q, 5*q = -w + 80. What are the prime factors of q?
3, 5
Let q be (1*2)/(2 + 0). Let v = q + 4. List the prime factors of v.
5
Let o(f) = 7*f + 10. Let b(q) = -13*q - 19. Let n(t) = -6*b(t) - 11*o(t). Let s be n(-3). Let i(c) = 21*c - 1. List the prime factors of i(s).
2, 5
Suppose -38*p = -35*p - 216. List the prime factors of p.
2, 3
Suppose 4*s + 160 = q - 5*q, 0 = -2*s - 4*q - 88. Let j = s + 51. List the prime factors of j.
3, 5
Let c = 81 - 58. Let i = 4 + c. What are the prime factors of i?
3
Let y be (3/(-2))/((-8)/16). Suppose -y*g + 31 = -p, 4*g - 10 = 2*g - 2*p. List the prime factors of g.
3
Let n = -30 - 26. List the prime factors of (-2)/(-7) - 152/n.
3
Let b be (-1 - -2) + -4 + 1. Let i(r) = r**3 + 3*r**2 + r. Let s be i(b). Suppose m + 2*m = s*z + 17, -5*m = -3*z - 27. List the prime factors of m.
3
Suppose 0*b = b - 30. List the prime factors of b.
2, 3, 5
Let z = -9 + 24. Let u = z - -20. What are the prime factors of u?
5, 7
Suppose 4*c - a + 37 = 0, 2*c - 4*a + 7 + 15 = 0. Let l = c + 17. What are the prime factors of l?
2
Let k(r) = r**2 + 4*r + 7. Let v = -14 - -9. What are the prime factors of k(v)?
2, 3
Let x = -179 - -252. What are the prime factors of x?
73
Let m = -3 + 5. Let u = 10 - m. Let x(z) = -z**2 + 7*z + 10. What are the prime factors of x(u)?
2
Suppose 125 + 57 = 5*v - a, 2*a - 68 = -2*v. List the prime factors of v.
2, 3
Suppose 5*y - 42 = -h + 50, -4*y + 481 = 5*h. What are the prime factors of h?
97
Suppose 6 = -3*p + 24. Let b(m) = m**3 - 6*m**2 + 2*m - 3. What are the prime factors of b(p)?
3
Let b be ((-6)/8)/((-1)/16). Let p = b + -1. List the prime factors of p.
11
List the prime factors of (-5)/(-5) + (1 - -2).
2
Let m(t) = -t + 3. Let k be m(8). Let d = k - -10. Let n = -3 + d. List the prime factors of n.
2
Let b(t) = -3*t - 8. Let c(v) = v**3 - 6*v**2 + v - 3. Let g be c(6). Suppose g*s + 0*s = -21. List the prime factors of b(s).
13
Let m(n) = n**3 - n**2 - n - 1. Let u(p) = p**3 - 2*p. Let t(k) = -6*m(k) + 5*u(k). What are the prime factors of t(5)?
11
Let w(r) = 3*r**2 - 3*r + 3. Let j be w(-3). Let k be -2*j/12*-6. Suppose -k = 5*c - 94. What are the prime factors of c?
11
Let k be (-190)/(-8) - 4/(-16). Suppose -17 = 2*g + 17. Let d = k + g. What are the prime factors of d?
7
Let k(h) = -8*h**2 - 6 + 7*h**2 + 3*h + 2*h**2. List the prime factors of k(-7).
2, 11
Suppose -27*m = -31*m + 1040. List the prime factors of m.
2, 5, 13
Let j = -4 - -4. Suppose j = 2*k + 2*k - 212. List the prime factors of k.
53
Suppose u + u - 44 = 0. What are the prime factors of u?
2, 11
What are the prime factors of -1 - 4/((-4)/43)?
2, 3, 7
Let c be 0 - 9*1*-2. Suppose u - 4*u + c = 0. List the prime factors of u.
2, 3
What are the prime factors of -2*(-11 + 3/1)?
2
Let i be -1 + 5 + (5 - 6). Let r be 0 + i - (3 - 10). What are the prime factors of 52/r + 1/(-5)?
5
Suppose 5*s - 283 = -4*v + 429, v = s + 178. What are the prime factors of v?
2, 89
Let i(z) = 8*z - 2 + z**3 + 4 - 5*z**2 - 4*z**2. List the prime factors of i(8).
2
What are the prime factors of 4/14 + (-9558)/(-63)?
2, 19
Suppose 0 = -n + 3*n. Let u(y) = y**3 - y**2 + y + 20. What are the prime factors of u(n)?
2, 5
Suppose 0*v - 4*v + 23 = -3*l, -v + 3 = 2*l. Suppose -6 - v = -5*o + a, 2*o = a + 2. What are the prime factors of o?
3
Let i be 554/22 - 6/33. Let x = i + -13. Suppose -3*d = -6*d + x. What are the prime factors of d?
2
Let w = 55 + 103. What are the prime factors of w?
2, 79
Let b be 10/4 + (-12)/(-24). Suppose b*r - 80 = -r. What are the prime factors of r?
2, 5
What are the prime factors of ((-35)/(-25) - 2/5)*47?
47
Let a be (6 + -1)/(1 - 0). Let n = a + -10. List the prime factors of (n - -4)/(1/(-3)).
3
Let q be (-4 - -2)*-1*1. Suppose 4*y = -g + 119, 0 = y - q*y - 2*g + 35. List the prime factors of y.
29
Suppose 0 = -5*f + 4 + 11, -5*u - 3*f + 354 = 0. What are the prime factors of u?
3, 23
Suppose 2*q = -2*r + 156, -3*r + 2*r + 66 = -3*q. What are the prime factors of r?
3, 5
Suppose -5*c - 2*q + 22 = 0, -5*c - 9 = -8*c + 3*q. Suppose 3*y - 3*o + 2*o - 68 = 0, c*o = -2*y + 64. What are the prime factors of y?
2, 3
Let x(u) = u**2 - 4*u - 6. Let j be x(5). Let m(o) = -9*o - 1. Let a be m(j). Suppose 4*l - a = 8. What are the prime factors of l?
2
Suppose -2*b - 1206 = -4*y, -2*y + 5*b = -530 - 53. List the prime factors of y.
2, 19
Let p = -8 + -7. Let t = -14 - -4. Let x = t - p. What are the prime factors of x?
5
Let u(g) = 3*g**2 - g**2 - 9*g - g**2 + 11. Let d be u(8). Suppose 26 = d*v - v. List the prime factors of v.
13
Let n = 50 - -17. List the prime factors of n.
67
Suppose -5*q + n = 57 - 509, 5*n = -2*q + 170. What are the prime factors of q?
2, 3, 5
Let y(d) = d**3 + 4*d**2 - 5*d + 2. Let g be y(-5). Let k(n) = 16*n + 2. List the prime factors of k(g).
2, 17
Let p = -105 + 174. What are the prime factors of p?
3, 23
Let r(s) = 2*s + 3. Let g = 7 + -4. Let l be r(g). Suppose -4*v + l*v - 75 = 0. List the prime factors of v.
3, 5
Suppose -1050 = -50*b + 45*b. What are the prime factors of b?
2, 3, 5, 7
Let v = -37 - -23. What are the prime factors of 21/v*88/(-6)?
2, 11
Suppose -3*f = 3 + 27. Let n(z) = z**3 + 11*z**2 + 9*z - 2. What are the prime factors of n(f)?
2
Let m(a) = -a**2 - 8*a - 8. Let h be m(-6). Let i be (1/2)/(1/h). What are the prime factors of -1*(-2)/i*11?
11
Let j(v) = v - 3. Let h be j(9). Suppose 0 = 2*y - b + 3, 3*b = 3*y + 5*b - h. Suppose -3*w + 9 = y, -i = -5*i - 2*w + 66. List the prime factors of i.
3, 5
Suppose 6*z - 3*v - 140 = z, -2*z = v - 67. List the prime factors of z.
31
Let k be (-4)/6 - (-16)/6. What are the prime factors of ((-8)/(-12))/(k/117)?
3, 13
Let j be (-1)/(-3) - 10/(-6). Suppose 3*t - 16 = -2*t - j*p, 5*p = 5*t + 5. Suppose -2 = -t*u + 4. What are the prime factors of u?
3
Let o(u) = -u**2 - 3*u - 1. Let c be o(-3). Let w = -4 + 10. What are the prime factors of (2/w)/(c/(-21))?
7
Let b(l) = l**2 - 7*l + 4. Let w be 8 - (-2 + 4) - -1. Let y be b(w). Suppose -y + 14 = 5*s. What are the prime factors of s?
2
Suppose -3*t + 2 = 4*u, 5*t - t - 2*u + 34 = 0. What are the prime factors of ((-6)/(-4))/((-3)/t)?
3
Let w(c) = c**3 + 5*c**2 + 5*c + 3. Let n be 4/(-12) - 22/6. Let y be w(n). List the prime factors of 12/3*(4 + y).
2, 3
Suppose -9 = r - 4*s + 4, -3*r + 4*s - 15 = 0. What are the prime factors of 3 + (0 - -11) + r?
13
Let t(b) be the first derivative of b**3/3 + b**2 + 1. Let k = 2 - 6. What are the prime factors of t(k)?
2
Let g(o) = -30*o**3 + 1. Let t be g(1). Let l = -18 - t. List the prime factors of l.
11
What are 